v) = 6*v - 10. Let r be x(y). What is the greatest common divisor of r and 20?
10
Suppose 3*w = w + 54. Let d = 58 + -32. Suppose -4*i + d = -46. What is the highest common divisor of i and w?
9
Suppose 0 = -4*l - 1 + 9. Let z be (l + -4 - -3)*12. Calculate the greatest common divisor of z and 6.
6
Let i be ((-2)/(-4))/(2/432). Calculate the greatest common divisor of i and 12.
12
Suppose -4*j = -163 - 413. Suppose 3*l - 6*l = -j. What is the highest common divisor of l and 6?
6
Let z be (-10)/45 + (-9716)/(-63). Let g = -26 - -40. Calculate the greatest common divisor of g and z.
14
Suppose 0 = -3*g + 3*y + 3, -4*g - 4*y + 12 = -0*y. Suppose -5*s + 7 = -18. Suppose -s = -d + 3. What is the greatest common divisor of d and g?
2
Let g(u) = u**2 - 8*u - 14. Let c be g(10). Calculate the highest common divisor of 30 and c.
6
Suppose 2*b - 3 = -13. Let p = 22 - 14. Let k = p + b. Calculate the greatest common divisor of k and 15.
3
Let b(w) = 13*w + 2. Let l be b(1). Let c be l*-4*3/(-4). What is the highest common factor of 18 and c?
9
Suppose -5*g + 0*g = -240. Let s = 3 - -9. Calculate the greatest common divisor of g and s.
12
Let m be (-39)/(-12) - (-2)/(-8). Let k be (-6)/(m*(-4)/42). Let u = 13 - 6. What is the greatest common divisor of k and u?
7
Let u be ((-2)/(-1) - -1) + (5 - 3). What is the highest common factor of u and 5?
5
Let v(u) = -3*u + 6. Let g be v(4). Let h = -2 - g. Calculate the highest common factor of h and 16.
4
Let x be (-3 - 0/3)*22. Let k be (-3 + 0)/(2/x). What is the highest common factor of k and 9?
9
Let q(c) = c**3 + 7*c**2 + 5*c - 3. Let y be q(-6). Suppose y*h + 18 = 2*l, 3*h + 14 = l + 5. What is the highest common divisor of 45 and l?
9
Let s(w) = w**2 + 6*w - 7. Let n be s(-7). Suppose 3*u - 9 = -n. Calculate the greatest common divisor of 21 and u.
3
Suppose 3*n - 2*m = 58, 2*n - 42 = -3*m + 5*m. Calculate the greatest common divisor of 160 and n.
16
Let y(n) = n**2 + 4*n + 8. Let m be y(-5). Calculate the highest common factor of m and 91.
13
Let m(p) be the first derivative of -p**3/3 + 7*p**2 - 8*p - 2. Let r be m(6). Let o = r - 25. Calculate the highest common divisor of 15 and o.
15
Let h be -1 + (2 - 0) - 12/(-1). What is the greatest common factor of h and 169?
13
Suppose -127 = -i - 5*x, -2*x + 526 = 2*i + 2*i. Calculate the highest common factor of 12 and i.
12
Suppose 7*q + 45 = 2*q. Let j be 2/(-4) + (-93)/(-6). Let v = j + q. What is the greatest common divisor of v and 4?
2
Let q = 143 - 134. Calculate the greatest common divisor of q and 9.
9
Let m(i) = 3*i**2 - 13*i - 30. Let a be m(-4). Let n(v) = v + 10. Let g be n(0). What is the greatest common divisor of a and g?
10
Suppose -7*v = -2*v - 90. Calculate the highest common divisor of 18 and v.
18
Let s(j) be the first derivative of -2*j**2 - 4*j - 2. Let c be ((-1)/(-3))/((-4)/84). Let z be s(c). What is the greatest common divisor of z and 60?
12
Let r = -25 - -30. Calculate the highest common divisor of r and 10.
5
Suppose 0 = -0*g - g + 7. Let v = g - -9. What is the greatest common factor of 8 and v?
8
Suppose s + 0*s = 338. Suppose 3*p - s = -4*x, 4*x = 5*p - x - 540. What is the highest common factor of p and 10?
10
Let c = -9 + 23. Suppose -3*u - c = -5*u. Suppose u*y - 2*y = 195. What is the greatest common factor of y and 13?
13
Let y = 190 - -130. Calculate the greatest common divisor of 10 and y.
10
Suppose 5*m = -5*y + 60, -y - 28 = 3*m - 66. Calculate the greatest common factor of m and 13.
13
Let s be -1*(0/3 + 3). Let z(n) = n + 4. Let b be z(s). Calculate the highest common factor of b and 1.
1
Let v(m) = m**3 + 3*m**2 - 1. Let r be v(-2). Suppose -r*o - 4*i + 2 = -3, -2*o - 4*i = -2. Calculate the highest common factor of o and 12.
3
Let b(z) = z**3 + 7*z**2 - 2*z + 4. Let g = -10 - -3. Let c be b(g). Calculate the highest common divisor of 27 and c.
9
Suppose w - 6 = -3*d, d + 8 = w - 2. Calculate the highest common factor of 9 and w.
9
Let b(m) = 2*m + 4. Let n be b(4). Let v = 2 + n. What is the greatest common factor of 7 and v?
7
Let y = -27 - -65. What is the greatest common divisor of 95 and y?
19
Let j(f) = -117*f - 19*f - 48*f + 32*f. Suppose 0 = 5*c - 1 + 6. Let a be j(c). What is the greatest common factor of a and 19?
19
Let j = 17 - 28. Let f = 29 + j. Suppose 4*w + f = 62. Calculate the highest common divisor of w and 11.
11
Let m(w) = -2*w**3 + 17*w**2 - 4*w - 4. Let d be m(8). What is the greatest common factor of d and 7?
7
Let f = -42 + 48. What is the greatest common divisor of f and 27?
3
Suppose -2*l = -v + 2*v + 16, 4*l - 28 = 3*v. Let k be (-8)/(-6)*v/(-8). Calculate the highest common factor of 8 and k.
2
Let s(z) = 18*z**2 - z + 1. Let t = 7 + -3. Suppose -7*w = -t*w - 3. Let i be s(w). What is the greatest common divisor of 18 and i?
18
Let y be -6 + (-2 + 1 - -1). Let l be (-2)/3 + 8/y. Let n = l - -9. What is the highest common factor of 14 and n?
7
Let f be 143/((-2 - -1)/1 - -2). Calculate the highest common divisor of 13 and f.
13
Suppose 5*f + 3*q - 37 = 0, 2*f + q - 18 = -q. Suppose f*u = -2*x - 3, 0*x + 5*x + 4*u = 35. Calculate the highest common divisor of x and 33.
11
Suppose 0 = 5*a - 408 + 368. Calculate the greatest common factor of 16 and a.
8
Suppose -1553 - 127 = -5*k. Suppose 0*u = -3*u + k. Let q = 27 + -13. Calculate the highest common factor of q and u.
14
Let v(m) = -10*m - 8. Let p be v(-6). Suppose 2*y - p = -2*t, -3*t + y + 62 = -0*t. What is the greatest common factor of t and 55?
11
Let r be (-9)/4*64/12. Let d = -10 - r. Calculate the greatest common divisor of 10 and d.
2
Suppose -30*p + 34*p = 748. Calculate the greatest common factor of p and 17.
17
Let v = 5 + 4. Suppose 0 = 3*a + 2*a - 2025. Suppose 6*d = d + a. What is the highest common factor of v and d?
9
Suppose 3*v - v = 5*r - 15, 2*r = 2*v. Suppose -4 = -4*m - a + 7, r = 3*m + 4*a. Calculate the highest common factor of 3 and m.
3
Let p be (-12)/16 - (-7)/((-112)/(-4428)). What is the highest common factor of 23 and p?
23
Let j be 96/80*(-1 - (-154)/4). What is the greatest common divisor of 15 and j?
15
Let d(r) = r**3 + 10*r**2 + 10*r + 12. Let x be d(-9). Calculate the highest common factor of x and 9.
3
Suppose 0 = -4*s + 6*s + 4*r - 44, -55 = -3*s + 5*r. Let b = 30 - s. What is the highest common divisor of b and 2?
2
Suppose -5*r - 4*y + 560 = -0*y, 3*y - 123 = -r. Let m = -13 + 25. What is the greatest common divisor of m and r?
12
Suppose 0 = -6*f + 5*f + 3*u + 295, 3*u = -4*f + 1105. What is the highest common divisor of 40 and f?
40
Suppose 0 = r - d - 10, 6*d - 8 = -r + 9*d. What is the highest common factor of 99 and r?
11
Suppose 5*l + 0*c + 3*c = 138, 5*l + 5*c - 130 = 0. What is the greatest common divisor of l and 6?
6
Suppose -m + 6*m = 15. Let g be 10/15 + 394/m. What is the greatest common divisor of g and 12?
12
Let g(h) = 2*h**2 - 3*h + 10. Let d be g(5). What is the highest common factor of d and 90?
45
Let r be (-2)/(1/(153/(-6))). Let f = 105 - 71. What is the greatest common divisor of f and r?
17
Suppose -i + 3*w = -0*i - 16, -2*w = 8. Let c be 3 + 1/((-4)/(-100)). Calculate the highest common factor of c and i.
4
Let p be 3*3/18 - (-215)/10. What is the greatest common factor of p and 66?
22
Let q be (-4)/(-16) + (-29)/4. Let x = 12 + q. Suppose -3*b + 28 = 5*o, 0*b = 2*b - x*o + 23. Calculate the highest common divisor of 2 and b.
1
Let n(v) = 2*v - 2. Let a be n(6). Let g = 15 - a. Suppose -54 = -g*z + 11. What is the greatest common divisor of 104 and z?
13
Suppose 14*q - 109 = 3. Calculate the highest common factor of q and 16.
8
Let n be (-1)/1*(-1 + -1). Suppose 0*s + 1 = -5*y + 3*s, -n*y = 4*s - 10. Calculate the greatest common divisor of 8 and y.
1
Let v = 186 + -106. What is the greatest common factor of v and 16?
16
Let f = -16 + 32. What is the greatest common factor of f and 48?
16
Suppose 8*k = 5*k + 21. Let z = k + -4. Suppose z*l + 7 = 5*v + 2, 3*v - 5*l + 13 = 0. Calculate the greatest common factor of v and 4.
4
Let n = 6 + 30. Suppose -r - 12 = -16. Suppose 5*o = -2*d + 68, -d - 6 = r*o - 58. Calculate the highest common divisor of o and n.
12
Let t(w) = w**2 + 8. Let v be t(0). Suppose -f + 2 = -2*u, 2*f + f - v = 4*u. What is the highest common divisor of